. What are the prime factors of y?
127
Let u be 0*(2/(-5))/(8/(-10)). Suppose 6*o - 15*o + 108 = u. List the prime factors of (o/15)/(2/10) + 89.
3, 31
What are the prime factors of 8798/1*(0 + ((-45)/6)/(-15))?
53, 83
Let d(y) = 135*y**2 - 11*y + 63. What are the prime factors of d(-6)?
3, 1663
Let m(y) = y**2 + y + 1. Let x(l) = l**3 + l**2 - 19*l - 5. Let k(j) = -3*m(j) + x(j). Let u be k(6). Suppose u*d + d = 550. List the prime factors of d.
2, 5, 11
Let o(k) = -k**3 - k**2 + 7*k - 5. Let r be o(-4). Let w(v) = 31*v - 46. Let b be w(r). Suppose 0 = 5*f - 101 - b. What are the prime factors of f?
2, 13
Let o be 1 - (-314)/(-6) - 10/15. Let b = o + 56. Suppose -3*z + 2*s + 520 = 0, -b*z + 3*s = -0*z - 695. List the prime factors of z.
2, 5, 17
Suppose 3*v - 34*v + 66526 = 0. Suppose -2*c + t + v = 0, 4*t - 7*t = -5*c + 5363. List the prime factors of c.
5, 43
What are the prime factors of (-1460550)/(-2535) + 4/(-26)?
2, 3
Let g = -310 - -2046. List the prime factors of (g/(-6))/(-3*10/90).
2, 7, 31
Let d(q) = 10*q + 43. Let c = -88 - -76. Let r be -1*(c - (7 + -2)). List the prime factors of d(r).
3, 71
Let b be -27 + 23 + (-14)/(-1). What are the prime factors of (2 - 22/b) + (-13902)/(-210)?
2, 3, 11
Let c be 16/216 + 364/189. Suppose -c*n + 663 = -r - 2239, r = 5*n - 7255. List the prime factors of n.
1451
Let n(w) = 0*w - 2*w + 4 + 3*w + 2 - w**2. Let c be n(2). Suppose 0 = 7*s - c*s - 54. List the prime factors of s.
2, 3
What are the prime factors of 199 - -12*(-49)/84?
2, 3
Let w(p) = p**3 + 6*p**2 - 13*p + 3. Let z be w(-7). Suppose z*u - 2436 = 42*u. List the prime factors of u.
2, 7, 29
Let t(f) = 32*f**2 + 189*f - 314. List the prime factors of t(23).
3, 17, 137
Let j(s) = 3*s**3 - 121*s**2 - 32*s + 135. List the prime factors of j(41).
5, 19, 23
Let g = -8840 + 19354. What are the prime factors of g?
2, 7, 751
Let p be 3/(-2)*(-4 + (-20)/15). Let l(f) = f - p*f + 69 + 3*f. What are the prime factors of l(-16)?
7, 19
Let x(n) = 14*n**2 - 5*n - 1. Suppose -2*u - 2*k = -k - 16, -k - 26 = -5*u. Suppose -30 = -8*q - u. List the prime factors of x(q).
2, 5, 11
Let j = 57 + -46. Suppose 18*h + 14 = j*h. What are the prime factors of h*(477/(-6))/1?
3, 53
Let a be (-10)/(-3)*(-378)/45. Let p = -34 - a. What are the prime factors of (-4)/p + (-876)/(-36)?
5
Suppose 129999 = 38*w - 20177. Suppose -11*d + 7*d = -w. What are the prime factors of d?
2, 13, 19
Let k = 56 - 51. Suppose k - 8 = -3*u. What are the prime factors of ((-5)/2 - u)*-36?
2, 3, 7
Suppose -4*y = 3*u + 208 - 71, 4*y = u + 19. Suppose 178*o + 49*o - 20657 = 0. Let f = u + o. List the prime factors of f.
2, 13
Let q be (-22)/(-143) - 4/26. Suppose q = -l - j + 751, -2*l - 2*j - 3*j + 1505 = 0. What are the prime factors of l?
2, 3, 5
Suppose -34*g - 28868 = -48*g. Let m = 3194 - g. List the prime factors of m.
2, 283
Let n = -14707 - -59683. List the prime factors of n.
2, 3, 937
Let c(l) = -l**2 + 7*l - 7. Let k = 1 - -4. Let t be c(k). Let g(b) = 3*b**2 - 3*b + 1. What are the prime factors of g(t)?
19
Let x(l) = -2*l + 14. Let k be x(6). Suppose 481 = 5*h - 0*n - 3*n, k*h = n + 192. List the prime factors of (h/38)/(1/38).
5, 19
Let x be -10 + (-1568)/(-24) + 8/(-6). Let b = 92 - x. What are the prime factors of b?
2, 19
Let m = 277 + -423. Let n = -102 - m. Let t = 254 - n. What are the prime factors of t?
2, 3, 5, 7
What are the prime factors of ((-10527)/6 + 2)/((-255)/408)?
2, 701
Suppose 4592 = -115*l + 143*l. What are the prime factors of l?
2, 41
Let p = 697 + -162. Suppose -240 = -4*c + 3*j + 472, -2*j = -3*c + p. List the prime factors of c.
181
Suppose 73 = j + 4*g - 20, -279 = -3*j - 2*g. Let r = 119 + j. List the prime factors of r.
2, 53
Let r(j) = -23*j - 57. Let t be r(8). Let a = t - -420. Suppose 4*p = -d + a, p - 308 = -3*d + 196. List the prime factors of d.
167
Let c(m) = 3*m**2 + 98*m + 100. What are the prime factors of c(32)?
2, 19, 83
Let n = 7996 + -5491. What are the prime factors of n?
3, 5, 167
Suppose -4*i - 52833 = -5*c - 10709, -3*i + 25269 = 3*c. What are the prime factors of c?
2, 3, 13
Let f(h) = 583*h**2 + 47*h - 203. List the prime factors of f(4).
67, 139
Suppose -716*f - 58776 = -719*f - 3*k, 8 = k. What are the prime factors of f?
2, 3, 17
Let f be -2*(-5)/((-20)/(-6)). Suppose 0 = f*c - 5 + 8. What are the prime factors of c + 8 - ((-6 - 1) + 4)?
2, 5
Let w = -20713 - -33389. List the prime factors of w.
2, 3169
Let q = -1782 + 6356. What are the prime factors of q?
2, 2287
Suppose -c + 4 = -3*c + 5*j, -4*c + 2*j - 8 = 0. List the prime factors of c*(-4 - 146 - 5).
2, 5, 31
Let q(j) = j**3 - 8*j**2 + 3*j - 22. Let l be q(8). List the prime factors of 3/l*48/36.
2
Suppose 2*l = -0*l + 72. Suppose 22 = i - 4*r, -i + 5*i - l = 3*r. Suppose -i*g + 347 = -3*g + 5*q, -q + 4 = 0. List the prime factors of g.
109
Suppose 9*x - 5947 - 5861 = 0. Let s = x - -73. What are the prime factors of s?
5, 277
Suppose -9*g - 230970 = -14*g - 5*l, -3*l = -3*g + 138528. List the prime factors of g.
3, 5, 3079
Suppose 8746 = -4*u - 5*m, 2*u - 4370 = 4*u + m. Let q = u - -3353. What are the prime factors of q?
7, 167
Suppose -16*a - 12*a + 83856 = -22*a. List the prime factors of a.
2, 1747
Let a(x) = 4*x**2 - 23*x + 4. Let c(m) = 5*m**2 - 21*m + 6. Let w(r) = -3*a(r) + 4*c(r). What are the prime factors of w(12)?
2, 3, 41
Suppose 6*x = -3*x - 261. Let g be 16/(-4) + 3 - x. List the prime factors of (-18)/42 - (-1580)/g.
2, 7
Suppose -s + m + 1 = 0, 2*s = -2*s + 2*m + 12. Suppose -5*b + 9*b + 5*n + 20 = 0, s*n + 20 = b. Suppose -8*j + b*j + 840 = 0. What are the prime factors of j?
3, 5, 7
Suppose 0 = p - 2*u - 62272 - 659, -2*p = 2*u - 125874. What are the prime factors of p?
5, 41, 307
Suppose 2*h + 255 = 5*p + 993, -2*p - 726 = -2*h. Suppose d - 30 - h = 0. List the prime factors of 54/270 + (-1)/(-5)*d.
2, 3, 13
Suppose -3*m - 2*y + 363 = 0, -m - 4*y + 155 - 24 = 0. Suppose 2*u - m = 19. What are the prime factors of u?
3, 23
Let u(a) = 8*a**3 - 3*a**2 - a - 12. Let f be u(4). Let y = 1128 - 589. Suppose -7*g = -f - y. List the prime factors of g.
3, 47
Let v(t) be the third derivative of 1/10*t**5 + 9*t**2 + 0 - 2/3*t**3 - 1/6*t**4 + 1/120*t**6 + 0*t. What are the prime factors of v(-5)?
41
Let j be 4/(-3 - (-218)/72). Suppose 12*b = 10*b + j. Suppose -5*w = m - 44, 0 = -m - 0*w + 2*w + b. What are the prime factors of m?
2
Let t = 646 + -432. Let d(q) = 229*q + 167. Let j be d(-1). Let h = t + j. List the prime factors of h.
2, 19
Suppose -8*y - 18*y - 4*y + 519060 = 0. What are the prime factors of y?
2, 41, 211
Let k(w) = 81*w**2 + w. Let z(h) = -162*h**2 - 2*h + 1. Let b(y) = 5*k(y) + 2*z(y). List the prime factors of b(-2).
2, 3
Let i = 367 - 364. Suppose -i*t = -2*g - 3550, -4*t - 6*g + g + 4695 = 0. List the prime factors of t.
2, 5, 59
Let d be (-370)/(-8) - (-10)/(-40). Suppose 4*k - 126 = -d. What are the prime factors of (-71)/(-8) + k/160?
3
Suppose -1373 = -2*l + 1253. Let a = l + -911. Suppose 0 = 4*i - 8*o + 3*o - a, -o = 4*i - 390. What are the prime factors of i?
2, 7
Let x = -109 - -103. Let a be x/(-12) - (-171)/6. List the prime factors of 5*(16/4 + a).
3, 5, 11
Let w(i) = i**3 - 21*i**2 + 185*i + 46. What are the prime factors of w(19)?
17, 167
Suppose -54 = 4*w + 5*q, -4*q + 11 + 13 = -w. Let d(l) = -12*l + 47. What are the prime factors of d(w)?
239
List the prime factors of ((-9024543)/(-847))/(9/42).
2, 3, 8287
Let u be ((-6 - -16) + -8)*2. Suppose 0 = -2*o + u, 5290 = 3*x - 4*o + 891. List the prime factors of x.
13, 113
Let l(t) = 138*t + 2569. List the prime factors of l(94).
15541
Suppose -2*n + 0*s - 80 = -4*s, 2*n = 3*s - 77. Let c = n + 138. List the prime factors of c.
2, 13
Let c(k) = 23*k**2 + 29*k - 223. List the prime factors of c(37).
3, 3593
What are the prime factors of (336/144)/(14/54942)?
9157
Suppose 22*b + 2*k = 21*b - 568, -4*b - 2308 = -k. What are the prime factors of (-5)/5 + (9 - 5) - b?
3, 193
Let y(q) be the first derivative of 2*q**3/3 + 10*q - 1. Let u be y(-4). Suppose -2*o = 2*d - u, 3 = -4*d + 3*d. List the prime factors of o.
2, 3
Let u be (-1 + -78)/(1 + 2/(-1)). Let x = u - 77. Suppose 213 = 4*p - x*p + 3*r, 214 = 2*p + 2*r. What are the prime factors of p?
2, 3
Suppose 22*c - 322272